94, -4*t + 4*r + w*r + 120 = s. List the prime factors of t.
2, 7
Suppose 4*c + c = 0. Suppose -5*h - h + 240 = c. List the prime factors of h.
2, 5
Suppose 0 = -5*h - 2*t + 144 - 7, 5*t - 32 = -h. Let x = -16 - -16. Suppose 2*j - h - 27 = x. What are the prime factors of j?
3
Suppose -2*p + 6*p = 8. Let t(l) = p - 1 + 3*l - 3. What are the prime factors of t(5)?
13
Let y(l) = -l**2 + 10*l - 16. Let n be y(5). What are the prime factors of (-94)/(-3) + n/(-27)?
31
Suppose 5*f = -3*x + 21, 3*x = 3*f - 6 + 3. What are the prime factors of (x*22/(-4))/(2/(-48))?
2, 3, 11
Let d = 3832 - 1764. List the prime factors of d.
2, 11, 47
Let r be 116/7 + (-1 - (-10)/7). Suppose r*m - 54 = 15*m. What are the prime factors of m?
3
Suppose -3*o + 20 - 5 = 0. Suppose o*a = 3*y + 231, 2*a + a - 2*y - 138 = 0. Suppose -6*n + a = -0*n. What are the prime factors of n?
2
Let m(s) = 2*s + 3. Suppose 0 = 8*z - 23 - 9. What are the prime factors of m(z)?
11
Let z(t) = -6*t - 9. Let v be z(-2). Suppose -9*c = -4*c - 3*j - 378, v*j = 12. What are the prime factors of c?
2, 3, 13
Suppose 5*p + 1954 = 4*b, 5*b - 4*p - 1148 = 1299. What are the prime factors of b?
491
List the prime factors of (-36 - -34) + 1*3 + 3701.
2, 3, 617
Let x = -42 - -40. What are the prime factors of (-4)/(0/(-1) + x)?
2
Let n = 700 + -28. What are the prime factors of n?
2, 3, 7
Let w = 360 + -121. List the prime factors of w.
239
Let i be -70 + 9/((-36)/(-8)) + -3. What are the prime factors of 0/21 - i*1?
71
Let g(x) = -x**2 - 15*x - 26. Let i be g(-12). Suppose i*n - 5*n - 1525 = 0. List the prime factors of n.
5, 61
Suppose -2295 = -2*h + 977. What are the prime factors of h?
2, 409
Let z(p) = 74*p**2 + 3*p - 4. Let d be z(2). Suppose -w - 4 = 0, -5*v + 0*w + 2*w + d = 0. What are the prime factors of v?
2, 29
Suppose 0 = -1264*p + 1250*p + 35980. List the prime factors of p.
2, 5, 257
Let z = -27 + 37. Let t be (-676)/z*50/(-20). Suppose 74 + t = 3*l. What are the prime factors of l?
3
Let s = -32 + -4. Let a = s + 117. What are the prime factors of a?
3
Suppose -5*g = -4*f - 8573, 11*g + 2*f = 12*g - 1711. List the prime factors of g.
17, 101
Let f = -106 - 3. Let v = f + 216. List the prime factors of v.
107
Suppose 5 + 1 = 3*w, -2*c = 5*w - 1454. List the prime factors of c.
2, 19
Let o(x) = 12*x**2 - x. Let u(f) = f**2 + f - 1. Let b(t) = o(t) + u(t). Let w be b(1). Let n = 29 - w. List the prime factors of n.
17
Suppose 123484 + 61580 = 44*x. What are the prime factors of x?
2, 3, 701
Suppose -8*z = -2864 - 13288. What are the prime factors of z?
3, 673
Let u(l) = -l**2 + 6*l - 5. Let j be u(3). Suppose -c + 0 - 14 = 4*z, -2*z = j*c. Suppose 43 = 3*a - q, -2*q + 0 = c. List the prime factors of a.
2, 7
Let x(r) = -r**3 + 5*r**2 + r + 5. Let o(h) = -h + 4. Let l be o(0). Suppose 4*g + 4 - 13 = -5*q, 3*g + 32 = l*q. List the prime factors of x(q).
2, 5
Suppose 3*t + 4 = -2*m, 12 = -4*t - 5*m + 4*m. Let o(b) = -28*b + 17. What are the prime factors of o(t)?
3, 43
Let g be 6/(-33) + (-394)/11. Let q = g - -56. List the prime factors of (-6)/4*q/(-15).
2
Let m(a) = -a**3 + 4*a + 4. Let k = 16 - 6. Suppose 0 = -2*j + 2*f - 2, -3*j - f + k = -7*j. What are the prime factors of m(j)?
19
Let c(h) = -14*h + 14. Let n(l) = 28*l - 27. Let x(k) = 5*c(k) + 3*n(k). What are the prime factors of x(5)?
59
Let l be -3 + (5 - (-2 + 4)). Suppose 2*j = -l*j - 28. Let h = j - -26. What are the prime factors of h?
2, 3
Suppose -3*i + 5*a + 1588 = 0, 1429 - 362 = 2*i + 5*a. List the prime factors of i.
3, 59
Let u(o) = o**3 - 5*o**2 - 4*o - 3. Let h be u(6). Let q = h - -37. Let a = 83 - q. What are the prime factors of a?
37
Let r be (-1 + (-1 - 0))*5. Let h be 4/r + (-2312)/20. What are the prime factors of h/5*(-5)/2?
2, 29
Suppose 4*n = -3*v + 2, -5*v = 2*n - n - 9. List the prime factors of 200/(-14)*(-7)/v.
2, 5
Let r be 7/((-105)/(-20))*9/2. What are the prime factors of 2 + 20/1 + r/3?
2, 3
Suppose -100*c + 8358 = -93*c. List the prime factors of c.
2, 3, 199
Let c be (1 - (-5 - -18))/((-1)/1). Suppose -9*h = -c*h + 459. What are the prime factors of h?
3, 17
Let h(v) = -12*v**3 - 14*v**2 - 23*v - 23. What are the prime factors of h(-6)?
2203
Suppose 4*a = -5*u - 0*u + 5, -u - a = 0. Suppose -5*c = -2*s - 3*s - 140, -4*c + u*s = -111. Suppose -r + 28 = -c. List the prime factors of r.
3, 19
Let q be ((-405)/6)/9*-2. Suppose -q*p + 17*p - 138 = 0. What are the prime factors of p?
3, 23
Let k be 35/14 + (-2)/(-4). Suppose k*u + 233 = 3*q + 8, q - 4*u = 87. Let d = 118 - q. What are the prime factors of d?
47
Let x(g) = -17*g**3 + g**2 + 6*g + 1. Let q(z) = -9*z**3 + z**2 + 3*z. Let y(i) = 5*q(i) - 3*x(i). What are the prime factors of y(3)?
2, 3, 7
Suppose 0 = 9*c + 1555 - 8593. What are the prime factors of c?
2, 17, 23
Suppose 169*n + 6688 = 171*n + 4*r, n = -4*r + 3340. What are the prime factors of n?
2, 3, 31
Let k = -1351 - -3060. What are the prime factors of k?
1709
Suppose -4*v + 6*y + 9086 = y, 0 = -5*v - 2*y + 11341. What are the prime factors of v?
2269
Let j(z) = 9*z - 42. What are the prime factors of j(10)?
2, 3
Let r(n) = n**3 - 16*n**2 + 15*n + 5. Let m be r(15). Suppose -4*s = -m*t - 15 - 10, 0 = -4*s + t + 21. Suppose -s*l = -l - 136. List the prime factors of l.
2, 17
List the prime factors of (14944/(-56))/(4/(-14)).
2, 467
Let x be (-3)/(-2)*(-24)/(-9). Suppose -4*c = p + p + x, 0 = -p + 2*c + 6. What are the prime factors of p?
2
Let x(n) = 0 - 18*n + 2 + 25*n - 8 - n**2. Let p be x(5). Suppose 3*r - 23 = -4*t + 39, -p*t = r - 58. List the prime factors of t.
2, 7
Let c be 49/(-245) - 172/(-10). Let u(x) = 42*x - 1. Let m be u(2). Suppose -c = 3*k - m. List the prime factors of k.
2, 11
Suppose -70 = -5*q + 3*y, 0 = -y + 10 - 5. Suppose k - q = -j, j - 4*k - 29 = -k. Suppose 0 = m - 5*v - 53, -4 = -4*v - j. What are the prime factors of m?
3, 11
Let z be (13/26)/((-1)/(-6)). Suppose -z*l = b - 10, 2*b = 4*l - 18 - 12. Suppose l*y = 2*u - 13, -2*y + 86 = 2*u + 2*u. List the prime factors of u.
19
Suppose 79 = 2*i - f, 2*i - 7*i + 199 = -2*f. Let h = i - 36. Suppose -1 = -h*v + 49. List the prime factors of v.
2, 5
Let j be (4 - 2) + 17 + 1. Suppose -3*h = -8*h + j. List the prime factors of h.
2
Suppose 2294 = -29*d + 26654. What are the prime factors of d?
2, 3, 5, 7
Let c be (-1 + (-3 - -4))/(-2). Suppose 0 = 3*b - 251 - 19. Suppose -g + 2*l + l + 18 = c, -5*g = 4*l - b. List the prime factors of g.
2, 3
Let v = 537 + -254. What are the prime factors of v?
283
Let v(h) = 2*h - 6. Let a be v(3). Suppose a = -2*w + 115 + 39. Suppose -3*t + 64 = -w. List the prime factors of t.
47
Suppose 3*x = -4*z + 3931, -5*z = -7*z + 3*x + 1943. Let s = -662 + z. List the prime factors of s.
317
Let k(p) = 3*p**2 + 27*p + 23. List the prime factors of k(-14).
233
Let v = 1283 - 310. List the prime factors of v.
7, 139
List the prime factors of (314/4 + -4)*4.
2, 149
Let l = 2250 + 1544. List the prime factors of l.
2, 7, 271
Let b(y) = -y**3 + 6*y**2 + 2*y - 8. Let n be b(6). Let c = -2 + n. Suppose c = x - 1. List the prime factors of x.
3
List the prime factors of (-105)/(-84) - 27453/(-12).
3, 7, 109
Let o(w) = -2*w**2 + 59*w + 73. List the prime factors of o(25).
2, 149
Let k(u) = 6*u + 27. Let v be (-79)/(-9) + 8/36. List the prime factors of k(v).
3
Let u(h) = h**3 - 6*h**2 + 5*h + 5. Suppose 0 = -3*o - 2*p + 7, -3*p = 4*o - 5*p - 28. Let c be u(o). List the prime factors of 44 + 3 + c/(-1).
2, 3, 7
Let b = -4 - -8. Suppose -6 = -2*g + 30. Suppose t + a = -b*a + g, -4*t - a = -34. List the prime factors of t.
2
Let p = -1019 + 2486. List the prime factors of p.
3, 163
Suppose -i + 2*a - a + 269 = 0, 4 = -2*a. List the prime factors of i.
3, 89
Let p be ((-1)/(-1))/((-6)/12). Let c(l) = -6*l**3 - 3*l - 8. List the prime factors of c(p).
2, 23
Suppose 18*a = -5*a + 15801. What are the prime factors of a?
3, 229
Suppose c + 1130 = 4*l - 0*c, 844 = 3*l + c. What are the prime factors of l?
2, 3, 47
Let a(t) = 13*t**2 - 2*t - 15. Let i(h) = 19*h**2 - 3*h - 22. Let c(s) = -7*a(s) + 5*i(s). Let r be c(-5). Let q = r - 36. List the prime factors of q.
2
Suppose -4*f - 23*s + 25*s + 378 = 0, 6 = -2*s. What are the prime factors of f?
3, 31
Let f be 2*(1 + 0 + 0). Suppose -4*j + 50 = -f. Sup